129*z, -2*z - 17687 = -3*c. What is the tens digit of c?
9
Let k(m) = 40*m + 13. Let x = -116 - -121. What is the tens digit of k(x)?
1
Let s(a) = 11*a**3 + 28*a**2 + 14*a + 5. What is the hundreds digit of s(5)?
1
Let s(z) = -925*z - 40. What is the hundreds digit of s(-1)?
8
Let r(m) = -12 - 7 + 2*m + 17. What is the tens digit of r(15)?
2
Suppose 2*k - 17 = -k - 5*f, 2*f + 2 = k. Let d(o) = o + 4*o + k*o**2 - 3*o - 3 + 0*o**2. What is the units digit of d(3)?
9
Let n = -351 - -604. What is the units digit of n?
3
Suppose 2*u - 174 = 8*u. Let m = u - -31. Suppose -p = m, -7 = -o + 5*p + 42. What is the tens digit of o?
3
Let t(m) = m**3 + 34*m**2 + 55*m - 23. What is the tens digit of t(-32)?
6
Suppose 44*h = 50255 - 13867. What is the hundreds digit of h?
8
Let r = -78 + -88. Let u = r + 361. Let k = u + -127. What is the units digit of k?
8
Let i(u) = u**2 + 4*u - 9. Let a be i(-6). Suppose 102 = -m + a*m. What is the tens digit of m?
5
Let g = -3144 - -5351. What is the tens digit of g?
0
Suppose k - 5 = 49. What is the tens digit of k?
5
Suppose -o + 4*o - 35 = -4*h, 3*h + 3*o = 30. Suppose h*z + 0 - 20 = 0. Suppose -5*p + 55 = -2*k + 6*k, -z*k + 11 = p. What is the tens digit of p?
1
Suppose 15*f = -f + 2448. What is the units digit of f?
3
Suppose -15 = 3*p + 2*w, 4*w + 12 = p - w. What is the units digit of 33/(-2)*2/p?
1
Let l = -49 + -15. Suppose i - 4*m = 58 - 160, -i - 5*m - 129 = 0. Let q = l - i. What is the units digit of q?
0
Suppose 628 = -4*i - 5*d, i + d = 3*i + 328. Let v = -92 - i. What is the units digit of v?
0
Suppose y - 3*n - 406 = 0, y + 208 = -n + 610. What is the units digit of y?
3
Suppose -20 = -5*s, l - 2*s = 3 - 4. Let k = l + -5. Suppose -125 = -5*p + 5*u, -2*u + k - 8 = 0. What is the units digit of p?
2
Let i(p) = -6*p - 10 + p**2 - 10 + 15*p. What is the tens digit of i(-15)?
7
Let a(l) = 31*l + 87. What is the tens digit of a(27)?
2
Let j be (2 + 4 + -2)*3. Let t(q) = -q**2 + 13*q - 12. Let v be t(j). Suppose -2*a - 10 + 73 = 3*k, 4*a = v. What is the units digit of k?
1
Suppose -8*f - 42 = 574. Let a = 41 - f. What is the units digit of a?
8
Let w = -1740 + 2674. What is the hundreds digit of w?
9
Suppose 0 = -488*j + 481*j + 13909. What is the hundreds digit of j?
9
Let l = 3116 - 1154. What is the tens digit of l?
6
Let t(k) = k + 1. Let i be t(6). Let h = i + -5. Suppose -h = -2*g + 8. What is the units digit of g?
5
Let c = 14 + -10. Suppose -5*h + h = c. What is the units digit of h - -2 - (-15 + -4)?
0
Let z = -1866 - -2879. What is the hundreds digit of z?
0
Let q be ((-30)/4)/(2/24). Let f(o) = o**3 - 64*o**2 - 63*o + 32. Let g be f(65). Let y = g + q. What is the tens digit of y?
7
What is the tens digit of (111 + -9)*(-3)/(-3)?
0
Suppose -2*b - 15 = -23. Suppose -5*u = 2*r - 172, -4*r - 3*u + b*u = -366. What is the tens digit of r?
9
Let m(k) = 6*k**2 + 7*k + 13. Suppose 3*q = -g - 16, -15 = 2*q + 4*g + g. What is the units digit of m(q)?
8
Suppose -4*b = 2*m + m, 0 = b - 4*m. Suppose 5*r - r = b, 5*r - 37 = -z. What is the units digit of z?
7
What is the thousands digit of 663/65*(377 + -2)?
3
Let a be (-2)/8 + 9909/36 + 4. Suppose -a - 450 = -3*u. What is the tens digit of u?
4
Let p = 211 + -134. Suppose -227 = -4*s + p. What is the units digit of s?
6
Let j = -1784 - -3032. What is the tens digit of j?
4
Let b(m) be the second derivative of -5*m - 5*m**2 + 0 - 2/3*m**3. What is the tens digit of b(-5)?
1
Let o be 2/(-3)*9/(-2). Suppose 0 = -2*n - o*h + 32, -h + 59 = 5*n + 5. Suppose -5*q - 5*v + n = -55, 4*q = 5*v + 97. What is the units digit of q?
8
Suppose -w + 2 = -9. Suppose 3*x = -5*p + w, -4*p - 21 - 15 = -4*x. What is the units digit of x?
7
Suppose -5*z + 1297 = 2*b, -4*b - 2*z + 2554 = -0*b. What is the tens digit of b?
3
Let p = -33 + -14. Let r = -45 - p. What is the units digit of r?
2
Suppose -4*z - 1021 = 3*i - 8*i, 0 = -i + 5*z + 200. Let t = i + -114. What is the tens digit of t?
9
Let b(v) be the first derivative of v**4/4 + 11*v**3/3 + 3*v**2 - 2*v - 11. Let a be b(-11). Let x = a + 100. What is the units digit of x?
2
Suppose 38 = 5*o - n, 2*n - 5*n = -3*o + 18. Let a(v) = v + 10. Let f be a(-8). Let b = o + f. What is the tens digit of b?
1
Suppose -936 = -3*g - 3*p, -3*g + 5*p - p + 922 = 0. What is the tens digit of g?
1
Suppose -2 = 2*n - n. Let u be (1/n)/(15/(-750)). Let q = 44 - u. What is the tens digit of q?
1
Let o be 9 + 7/((-7)/3). Suppose 0 = o*i - 11*i + 160. What is the units digit of i?
2
Let v(h) = 64*h**2 + 2*h - 1. Suppose -a = -4*a + 3. What is the tens digit of v(a)?
6
Let s = 805 + 511. What is the tens digit of s?
1
Suppose 5*l + 6 = -g - 0, -4*g + l - 3 = 0. What is the tens digit of g/((-5)/1405*1)?
8
Suppose -5*g + 6 = -x, 4*g - 2*x = 2*g - 4. Suppose 4*y - 13 = -3*l + 133, -l - g = 0. What is the units digit of y?
8
Let y(v) = -v + 7. Let w be y(4). Suppose d + w - 27 = 0. Let a = d - 16. What is the units digit of a?
8
Let q(a) = 7*a - 16. Let c(x) = -x + 1. Let b(d) = 4*c(d) + q(d). Let z be b(9). Suppose -z = -2*h - 5. What is the units digit of h?
5
Let n(t) = -12*t + 4. Suppose 5*h + 3*y = -3, -2*y + 0 = 3*h + 1. What is the units digit of n(h)?
0
Let w(r) be the second derivative of -r**3/3 - 6*r**2 + 8*r. Suppose 30 = -5*u + 5*a, 3*u + 5*a + 15 = -43. What is the tens digit of w(u)?
1
Let d(v) = 2*v + 10. Let x be d(9). Suppose -x*o + 20*o = -296. What is the tens digit of o?
3
Let h = 185 - 130. Let d(t) = -t**3 - 6*t**2 - 7*t - 6. Let q be d(-5). Suppose -h = -q*s - s. What is the tens digit of s?
1
Suppose -16 = -2*d - 12. Suppose -3*h = h + 2*j - 356, -3*h - d*j + 265 = 0. What is the units digit of h?
1
What is the units digit of (3 + 6/(-6))/((-2)/(-823))?
3
Let u(l) = -l**3 + 7*l**2 - 5*l - 4. Let i be u(6). Suppose r + 5 = 2*s + i, 0 = 2*s - 4*r + 6. Suppose 0*c = s*c - 192. What is the tens digit of c?
6
Let r = -9 - -16. Let a be (2/(-1) - (-4 - -4)) + -4. Let w = r - a. What is the tens digit of w?
1
What is the units digit of 25300/46 - (1 - 0)?
9
Let r(g) = -2*g**2 - 9*g + 7. Let o be r(-5). Suppose 5*y + 89 = -2*s - o*s, -y + 3*s = 14. Let x = y + 34. What is the units digit of x?
7
Let l(u) = u**3 - 14*u**2 - 21*u + 5. Suppose 10*w = 4*w + 96. What is the units digit of l(w)?
1
Let v = -48 + 132. Suppose -v + 364 = 4*n. What is the tens digit of n?
7
Let l(x) = 92*x - 400. What is the thousands digit of l(40)?
3
Suppose -33*v = -1843 - 10301. What is the hundreds digit of v?
3
Let n(d) = 19*d**2 + 9*d + 11. Let j(f) = -9*f**2 - 5*f - 6. Let c(b) = 5*j(b) + 3*n(b). What is the units digit of c(-2)?
7
Suppose 6*w - w + 5 = 0. Suppose -p = -2*b - 814, 3*b - 1919 = -3*p + 559. What is the units digit of w/7 + p/21?
9
Suppose -14*u + 6990 = -948. What is the tens digit of u?
6
Let u(g) = 3*g**3 - 58*g**2 + 34*g - 19. What is the tens digit of u(20)?
6
Suppose 0 = -5*q + 5*k - 55, 4*k - 3*k = -4*q - 64. Let v(l) = l**3 + 15*l**2 - 6*l - 18. What is the units digit of v(q)?
2
Suppose 0 = -3*u - 3*r + 855, -3*u + 0*u + 855 = r. Suppose -33*t = -38*t + u. What is the tens digit of t?
5
Let v = 32 + 4. Let y = v + -18. What is the units digit of y?
8
Suppose 4*v = t + 16, 3 + 1 = v - t. Suppose v*l + 20 = -l. Let h = 26 - l. What is the tens digit of h?
3
Let j(c) = -c**3 + 18*c**2 + 27*c - 24. What is the units digit of j(18)?
2
What is the units digit of 305/((-4 - -6) + -1)?
5
Let l(z) = 206*z + 16. What is the units digit of l(2)?
8
Let p = 2173 - 1472. What is the hundreds digit of p?
7
Let d(f) = 28 - 37*f - 11 - 10 - 18. What is the hundreds digit of d(-5)?
1
Let b = 36 + -36. Suppose b = -o - 3*o + 248. What is the tens digit of o?
6
Suppose 1 = f - 0, 0 = -4*d - 4*f + 20. Let p = d + 1. What is the tens digit of ((-8)/p)/(12/(-390))?
5
Suppose -11*r + 2043 = -2*r. What is the units digit of r?
7
Suppose -3*b + 16 = -5*u - 7*b, 3*u + 4*b + 16 = 0. Suppose 2*l - 4*c = -32, 5*c = -4*l + 1 - u. What is the units digit of 40/l*(-8 + 5)?
0
Let q = 8 - 4. Suppose 0*h = 3*i - 2*h - 189, -189 = -3*i - q*h. What is the units digit of i?
3
Let q(g) = -26*g - 63. What is the units digit of q(-19)?
1
Suppose h = -2*h - 2*d + 4, 0 = -5*h + 4*d + 36. Suppose i - p + 39 = 0, 4*i + h*p = -i - 195. Let z = 91 + i. What is the tens digi